{"id":24,"date":"2024-02-28T19:09:23","date_gmt":"2024-02-28T18:09:23","guid":{"rendered":"http:\/\/rollinparis.local\/?page_id=24"},"modified":"2026-02-09T23:37:52","modified_gmt":"2026-02-09T22:37:52","slug":"rolls","status":"publish","type":"page","link":"https:\/\/rollinparis.fr\/?page_id=24","title":{"rendered":"ROLLS"},"content":{"rendered":"<p>[et_pb_section fb_built=&#8221;1&#8243; admin_label=&#8221;Header&#8221; _builder_version=&#8221;4.24.2&#8243; _module_preset=&#8221;default&#8221; background_enable_color=&#8221;off&#8221; collapsed=&#8221;on&#8221; global_colors_info=&#8221;{}&#8221;][et_pb_row _builder_version=&#8221;4.24.2&#8243; _module_preset=&#8221;default&#8221; global_colors_info=&#8221;{}&#8221;][et_pb_column type=&#8221;4_4&#8243; _builder_version=&#8221;4.24.2&#8243; _module_preset=&#8221;default&#8221; global_colors_info=&#8221;{}&#8221;][et_pb_button button_url=&#8221;http:\/\/rollinparis.fr\/wp-content\/uploads\/2026\/02\/menu.pdf&#8221; button_text=&#8221;MENU PDF&#8221; button_alignment=&#8221;center&#8221; admin_label=&#8221;Menu&#8221; _builder_version=&#8221;4.24.2&#8243; _module_preset=&#8221;default&#8221; custom_button=&#8221;on&#8221; button_text_size=&#8221;57px&#8221; button_text_color=&#8221;#f19bff&#8221; button_bg_color=&#8221;#ffe8f6&#8243; button_border_color=&#8221;#FFFFFF&#8221; button_border_radius=&#8221;81px&#8221; button_letter_spacing=&#8221;0px&#8221; button_font=&#8221;Angkor|700|||||||&#8221; hover_enabled=&#8221;0&#8243; button_text_shadow_style=&#8221;preset4&#8243; global_colors_info=&#8221;{}&#8221; sticky_enabled=&#8221;0&#8243;][\/et_pb_button][\/et_pb_column][\/et_pb_row][et_pb_row custom_padding_last_edited=&#8221;on|desktop&#8221; _builder_version=&#8221;4.24.2&#8243; _module_preset=&#8221;default&#8221; custom_padding_tablet=&#8221;||0px||false|false&#8221; custom_padding_phone=&#8221;||0px||false|false&#8221; locked=&#8221;off&#8221; global_colors_info=&#8221;{}&#8221;][et_pb_column type=&#8221;4_4&#8243; _builder_version=&#8221;4.22.0&#8243; _module_preset=&#8221;default&#8221; global_colors_info=&#8221;{}&#8221;][et_pb_image src=&#8221;http:\/\/rollinparis.fr\/wp-content\/uploads\/2024\/04\/Roll-in-Paris_food_classic-roll-scaled.jpg&#8221; title_text=&#8221;Roll in Paris_food_classic roll&#8221; align=&#8221;center&#8221; _builder_version=&#8221;4.24.2&#8243; _module_preset=&#8221;default&#8221; global_colors_info=&#8221;{}&#8221;][\/et_pb_image][et_pb_text _builder_version=&#8221;4.24.2&#8243; _module_preset=&#8221;a74be68e-32d8-455d-b32c-04af78010283&#8243; text_font=&#8221;||||||||&#8221; header_3_font=&#8221;Alkalami||||||||&#8221; text_orientation=&#8221;center&#8221; global_colors_info=&#8221;{}&#8221;]<\/p>\n<h3 class=\"p1\" style=\"text-align: center;\"><strong>Classic Roll<\/strong><\/h3>\n<p class=\"p1\" style=\"text-align: center;\">Roul\u00e9 \u00e0 la cannelle, gla\u00e7age \u00e0 la cream cheese<\/p>\n<p>[\/et_pb_text][et_pb_image src=&#8221;http:\/\/rollinparis.fr\/wp-content\/uploads\/2024\/04\/Roll-in-Paris_food_lotus-roll-scaled.jpg&#8221; title_text=&#8221;Roll in Paris_food_lotus roll&#8221; align=&#8221;center&#8221; _builder_version=&#8221;4.24.2&#8243; _module_preset=&#8221;default&#8221; global_colors_info=&#8221;{}&#8221;][\/et_pb_image][et_pb_text _builder_version=&#8221;4.24.2&#8243; _module_preset=&#8221;a74be68e-32d8-455d-b32c-04af78010283&#8243; text_font=&#8221;||||||||&#8221; header_3_font=&#8221;Alkalami||||||||&#8221; text_orientation=&#8221;center&#8221; global_colors_info=&#8221;{}&#8221;]<\/p>\n<h3 class=\"p1\" style=\"text-align: center;\"><b>Lotus Roll<\/b><\/h3>\n<p class=\"p1\" style=\"text-align: center;\">Roul\u00e9 \u00e0 la cannelle, gla\u00e7age cr\u00e8me speculos et brisures de speculos<\/p>\n<p>[\/et_pb_text][et_pb_image src=&#8221;http:\/\/rollinparis.fr\/wp-content\/uploads\/2024\/04\/Roll-in-Paris_food_caramel-pecan-roll-scaled.jpg&#8221; title_text=&#8221;Roll in Paris_food_caramel pecan roll&#8221; align=&#8221;center&#8221; _builder_version=&#8221;4.24.2&#8243; _module_preset=&#8221;default&#8221; global_colors_info=&#8221;{}&#8221;][\/et_pb_image][et_pb_text _builder_version=&#8221;4.24.2&#8243; _module_preset=&#8221;a74be68e-32d8-455d-b32c-04af78010283&#8243; text_font=&#8221;||||||||&#8221; header_3_font=&#8221;Alkalami||||||||&#8221; text_orientation=&#8221;center&#8221; global_colors_info=&#8221;{}&#8221;]<\/p>\n<h3 class=\"p1\" style=\"text-align: center;\"><b>Caramel P\u00e9can Roll <\/b><\/h3>\n<p class=\"p1\" style=\"text-align: center;\">Roul\u00e9 \u00e0 la cannelle, gla\u00e7age caramel beurre sal\u00e9 et noix de pecan concass\u00e9es<\/p>\n<p>[\/et_pb_text][\/et_pb_column][\/et_pb_row][et_pb_row custom_padding_last_edited=&#8221;on|desktop&#8221; _builder_version=&#8221;4.24.2&#8243; _module_preset=&#8221;default&#8221; custom_padding_tablet=&#8221;||0px||false|false&#8221; custom_padding_phone=&#8221;||0px||false|false&#8221; locked=&#8221;off&#8221; global_colors_info=&#8221;{}&#8221;][et_pb_column type=&#8221;4_4&#8243; _builder_version=&#8221;4.22.0&#8243; _module_preset=&#8221;default&#8221; global_colors_info=&#8221;{}&#8221;][et_pb_image src=&#8221;http:\/\/rollinparis.fr\/wp-content\/uploads\/2024\/04\/Roll-in-Paris_food_choco-nuts-roll-scaled.jpg&#8221; title_text=&#8221;Roll in Paris_food_choco nuts roll&#8221; align=&#8221;center&#8221; _builder_version=&#8221;4.24.2&#8243; _module_preset=&#8221;default&#8221; global_colors_info=&#8221;{}&#8221;][\/et_pb_image][et_pb_text _builder_version=&#8221;4.24.2&#8243; _module_preset=&#8221;a74be68e-32d8-455d-b32c-04af78010283&#8243; text_font=&#8221;||||||||&#8221; header_3_font=&#8221;Alkalami||||||||&#8221; text_orientation=&#8221;center&#8221; global_colors_info=&#8221;{}&#8221;]<\/p>\n<h3 class=\"p1\" style=\"text-align: center;\"><strong>Choco Nuts Roll<\/strong><\/h3>\n<p class=\"p1\" style=\"text-align: center;\">Roul\u00e9 au chocolat, cr\u00e8me choco-noisette et noisettes cOncassees<\/p>\n<p>[\/et_pb_text][\/et_pb_column][\/et_pb_row][et_pb_row custom_padding_last_edited=&#8221;on|desktop&#8221; _builder_version=&#8221;4.24.2&#8243; _module_preset=&#8221;default&#8221; custom_padding_tablet=&#8221;||0px||false|false&#8221; custom_padding_phone=&#8221;||0px||false|false&#8221; locked=&#8221;off&#8221; global_colors_info=&#8221;{}&#8221;][et_pb_column type=&#8221;4_4&#8243; _builder_version=&#8221;4.22.0&#8243; _module_preset=&#8221;default&#8221; global_colors_info=&#8221;{}&#8221;][et_pb_image src=&#8221;http:\/\/rollinparis.fr\/wp-content\/uploads\/2024\/04\/Roll-in-Paris_food_pistachio-roll-scaled.jpg&#8221; title_text=&#8221;Roll in Paris_food_pistachio roll&#8221; align=&#8221;center&#8221; _builder_version=&#8221;4.24.2&#8243; _module_preset=&#8221;default&#8221; locked=&#8221;off&#8221; global_colors_info=&#8221;{}&#8221;][\/et_pb_image][et_pb_text _builder_version=&#8221;4.24.2&#8243; _module_preset=&#8221;a74be68e-32d8-455d-b32c-04af78010283&#8243; text_font=&#8221;||||||||&#8221; header_3_font=&#8221;Alkalami||||||||&#8221; text_orientation=&#8221;center&#8221; global_colors_info=&#8221;{}&#8221;]<\/p>\n<h3 class=\"p1\" style=\"text-align: center;\"><b>Pistachio Roll<\/b><\/h3>\n<p class=\"p1\" style=\"text-align: center;\">Roul\u00e9 \u00e0 la pistache, gla\u00e7age pur\u00e9e de pistache et pistaches concass\u00e9es<\/p>\n<p>[\/et_pb_text][et_pb_image src=&#8221;http:\/\/rollinparis.fr\/wp-content\/uploads\/2024\/04\/Roll-in-Paris_food_tiramisu-roll-scaled.jpg&#8221; title_text=&#8221;Roll in Paris_food_tiramisu roll&#8221; align=&#8221;center&#8221; _builder_version=&#8221;4.24.2&#8243; _module_preset=&#8221;default&#8221; locked=&#8221;off&#8221; global_colors_info=&#8221;{}&#8221;][\/et_pb_image][et_pb_text _builder_version=&#8221;4.24.2&#8243; _module_preset=&#8221;a74be68e-32d8-455d-b32c-04af78010283&#8243; text_font=&#8221;||||||||&#8221; header_3_font=&#8221;Alkalami||||||||&#8221; text_orientation=&#8221;center&#8221; locked=&#8221;off&#8221; global_colors_info=&#8221;{}&#8221;]<\/p>\n<h3 class=\"p1\" style=\"text-align: center;\"><b>Tiramisu Roll<\/b><\/h3>\n<p class=\"p1\" style=\"text-align: center;\">Roul\u00e9 \u00e0 la cannelle, imbibage au caf\u00e9 et cr\u00e8me tiramisu<\/p>\n<p>[\/et_pb_text][et_pb_image src=&#8221;http:\/\/rollinparis.fr\/wp-content\/uploads\/2024\/04\/Roll-in-Paris_food_cookies-and-cream-roll-scaled.jpg&#8221; title_text=&#8221;Roll in Paris_food_cookies and cream roll&#8221; align=&#8221;center&#8221; _builder_version=&#8221;4.24.2&#8243; _module_preset=&#8221;default&#8221; locked=&#8221;off&#8221; global_colors_info=&#8221;{}&#8221;][\/et_pb_image][et_pb_text _builder_version=&#8221;4.24.2&#8243; _module_preset=&#8221;a74be68e-32d8-455d-b32c-04af78010283&#8243; text_font=&#8221;||||||||&#8221; header_3_font=&#8221;Alkalami||||||||&#8221; text_orientation=&#8221;center&#8221; locked=&#8221;off&#8221; global_colors_info=&#8221;{}&#8221;]<\/p>\n<h3 class=\"p1\" style=\"text-align: center;\"><b>Cookies &#8216;N&#8217; Cream Roll<\/b><\/h3>\n<p class=\"p1\" style=\"text-align: center;\">Roul\u00e9 au chocolat, cr\u00e8me cheese et brisures d&#8217;Oreo<\/p>\n<p>[\/et_pb_text][et_pb_image src=&#8221;http:\/\/rollinparis.fr\/wp-content\/uploads\/2024\/04\/Roll-in-Paris_food_carrot-cake-roll&#8211;scaled.jpg&#8221; title_text=&#8221;Roll in Paris_food_carrot cake roll&#8221; align=&#8221;center&#8221; _builder_version=&#8221;4.24.2&#8243; _module_preset=&#8221;default&#8221; locked=&#8221;off&#8221; global_colors_info=&#8221;{}&#8221;][\/et_pb_image][et_pb_text _builder_version=&#8221;4.24.2&#8243; _module_preset=&#8221;a74be68e-32d8-455d-b32c-04af78010283&#8243; text_font=&#8221;||||||||&#8221; header_3_font=&#8221;Alkalami||||||||&#8221; text_orientation=&#8221;center&#8221; locked=&#8221;off&#8221; global_colors_info=&#8221;{}&#8221;]<\/p>\n<h3 class=\"p1\" style=\"text-align: center;\"><b>EDITION LIMITE &#8211; Carrot Cake Roll<\/b><\/h3>\n<p class=\"p1\" style=\"text-align: center;\">Roul\u00e9 \u00e0 la cannelle, \u00e0 la carotte, aux noix de pecan et aux \u00e9pices surmont\u00e9 d&#8217;une cr\u00e8me cheese<\/p>\n<p>[\/et_pb_text][et_pb_image src=&#8221;http:\/\/rollinparis.fr\/wp-content\/uploads\/2024\/04\/Roll-in-Paris_food_appel-rolla-scaled.jpg&#8221; title_text=&#8221;Roll in Paris_food_appel rolla&#8221; align=&#8221;center&#8221; _builder_version=&#8221;4.24.2&#8243; _module_preset=&#8221;default&#8221; locked=&#8221;off&#8221; global_colors_info=&#8221;{}&#8221;][\/et_pb_image][et_pb_text _builder_version=&#8221;4.24.2&#8243; _module_preset=&#8221;a74be68e-32d8-455d-b32c-04af78010283&#8243; text_font=&#8221;||||||||&#8221; header_3_font=&#8221;Alkalami||||||||&#8221; text_orientation=&#8221;center&#8221; locked=&#8221;off&#8221; global_colors_info=&#8221;{}&#8221;]<\/p>\n<h3 class=\"p1\" style=\"text-align: center;\"><b>Apple Roll<\/b><\/h3>\n<p class=\"p1\" style=\"text-align: center;\">Roul\u00e9 \u00e0 la cannelle et \u00e0 la pomme et cr\u00e8me cheese<\/p>\n<p>[\/et_pb_text][et_pb_image src=&#8221;http:\/\/rollinparis.fr\/wp-content\/uploads\/2024\/04\/Roll-in-Paris_food_amlou-roll-scaled.jpg&#8221; title_text=&#8221;Roll in Paris_food_amlou roll&#8221; align=&#8221;center&#8221; _builder_version=&#8221;4.24.2&#8243; _module_preset=&#8221;default&#8221; locked=&#8221;off&#8221; global_colors_info=&#8221;{}&#8221;][\/et_pb_image][et_pb_text _builder_version=&#8221;4.24.2&#8243; _module_preset=&#8221;a74be68e-32d8-455d-b32c-04af78010283&#8243; text_font=&#8221;||||||||&#8221; header_3_font=&#8221;Alkalami||||||||&#8221; text_orientation=&#8221;center&#8221; locked=&#8221;off&#8221; global_colors_info=&#8221;{}&#8221;]<\/p>\n<h3 class=\"p1\" style=\"text-align: center;\"><b>EDITION LIMITE &#8211; Amlou Roll<\/b><\/h3>\n<p class=\"p1\" style=\"text-align: center;\">Roul\u00e9 \u00e0 la cannelle, cr\u00e8me au amlou (p\u00e2te \u00e0 tartiner marocaine \u00e0 base d&#8217;amande, miel et huile d&#8217;argan)<\/p>\n<p>[\/et_pb_text][\/et_pb_column][\/et_pb_row][et_pb_row _builder_version=&#8221;4.24.2&#8243; _module_preset=&#8221;default&#8221; global_colors_info=&#8221;{}&#8221;][et_pb_column type=&#8221;4_4&#8243; _builder_version=&#8221;4.24.2&#8243; _module_preset=&#8221;default&#8221; global_colors_info=&#8221;{}&#8221;][et_pb_social_media_follow url_new_window=&#8221;off&#8221; _builder_version=&#8221;4.24.2&#8243; _module_preset=&#8221;default&#8221; text_orientation=&#8221;center&#8221; global_colors_info=&#8221;{}&#8221;][et_pb_social_media_follow_network social_network=&#8221;tiktok&#8221; url=&#8221;https:\/\/www.tiktok.com\/@rollin_paris&#8221; _builder_version=&#8221;4.24.2&#8243; _module_preset=&#8221;default&#8221; background_color=&#8221;#cea3c2&#8243; background_enable_color=&#8221;on&#8221; global_colors_info=&#8221;{}&#8221; follow_button=&#8221;off&#8221; url_new_window=&#8221;off&#8221;]tiktok[\/et_pb_social_media_follow_network][et_pb_social_media_follow_network social_network=&#8221;instagram&#8221; url=&#8221;https:\/\/www.instagram.com\/rollin_paris\/?hl=fr&#8221; _builder_version=&#8221;4.24.2&#8243; _module_preset=&#8221;default&#8221; background_color=&#8221;#c6edf3&#8243; background_enable_color=&#8221;on&#8221; global_colors_info=&#8221;{}&#8221; follow_button=&#8221;off&#8221; url_new_window=&#8221;off&#8221;]instagram[\/et_pb_social_media_follow_network][et_pb_social_media_follow_network social_network=&#8221;google&#8221; url=&#8221;https:\/\/www.google.com\/search?q=Roll+in+Paris&#038;sca_esv=113d158847e1780d&#038;hl=fr&#038;authuser=0&#038;sxsrf=ACQVn0_o3DSAYccQGJM7daREC3CpfIyYGQ%3A1712929850783&#038;ei=OjwZZrq8L9mbkdUP4IeE6AI&#038;ved=0ahUKEwi6wZ_66LyFAxXZTaQEHeADAS0Q4dUDCBA&#038;uact=5&#038;oq=Roll+in+Paris&#038;gs_lp=Egxnd3Mtd2l6LXNlcnAiDVJvbGwgaW4gUGFyaXMyBxAjGLADGCcyBxAjGLADGCcyBxAjGLADGCcyChAAGEcY1gQYsAMyChAAGEcY1gQYsAMyChAAGEcY1gQYsAMyChAAGEcY1gQYsAMyChAAGEcY1gQYsAMyChAAGEcY1gQYsAMyChAAGEcY1gQYsANIwQRQAFgAcAF4AZABAJgBAKABAKoBALgBA8gBAJgCAaACCJgDAIgGAZAGCpIHATGgBwA&#038;sclient=gws-wiz-serp&#8221; _builder_version=&#8221;4.24.2&#8243; _module_preset=&#8221;default&#8221; background_color=&#8221;#86b6aa&#8221; background_enable_color=&#8221;on&#8221; global_colors_info=&#8221;{}&#8221; follow_button=&#8221;off&#8221; url_new_window=&#8221;off&#8221;]google[\/et_pb_social_media_follow_network][\/et_pb_social_media_follow][\/et_pb_column][\/et_pb_row][\/et_pb_section]<\/p>\n","protected":false},"excerpt":{"rendered":"<p>Classic Roll Roul\u00e9 \u00e0 la cannelle, gla\u00e7age \u00e0 la cream cheeseLotus Roll Roul\u00e9 \u00e0 la cannelle, gla\u00e7age cr\u00e8me speculos et brisures de speculosCaramel P\u00e9can Roll Roul\u00e9 \u00e0 la cannelle, gla\u00e7age caramel beurre sal\u00e9 et noix de pecan concass\u00e9esChoco Nuts Roll Roul\u00e9 au chocolat, cr\u00e8me choco-noisette et noisettes cOncasseesPistachio Roll Roul\u00e9 \u00e0 la pistache, gla\u00e7age pur\u00e9e [&hellip;]<\/p>\n","protected":false},"author":1,"featured_media":0,"parent":0,"menu_order":0,"comment_status":"closed","ping_status":"closed","template":"","meta":{"_et_pb_use_builder":"on","_et_pb_old_content":"<!-- wp:paragraph -->\n<p>Nos rolls<\/p>\n<!-- \/wp:paragraph -->","_et_gb_content_width":"","footnotes":""},"class_list":["post-24","page","type-page","status-publish","hentry"],"_links":{"self":[{"href":"https:\/\/rollinparis.fr\/index.php?rest_route=\/wp\/v2\/pages\/24","targetHints":{"allow":["GET"]}}],"collection":[{"href":"https:\/\/rollinparis.fr\/index.php?rest_route=\/wp\/v2\/pages"}],"about":[{"href":"https:\/\/rollinparis.fr\/index.php?rest_route=\/wp\/v2\/types\/page"}],"author":[{"embeddable":true,"href":"https:\/\/rollinparis.fr\/index.php?rest_route=\/wp\/v2\/users\/1"}],"replies":[{"embeddable":true,"href":"https:\/\/rollinparis.fr\/index.php?rest_route=%2Fwp%2Fv2%2Fcomments&post=24"}],"version-history":[{"count":19,"href":"https:\/\/rollinparis.fr\/index.php?rest_route=\/wp\/v2\/pages\/24\/revisions"}],"predecessor-version":[{"id":541,"href":"https:\/\/rollinparis.fr\/index.php?rest_route=\/wp\/v2\/pages\/24\/revisions\/541"}],"wp:attachment":[{"href":"https:\/\/rollinparis.fr\/index.php?rest_route=%2Fwp%2Fv2%2Fmedia&parent=24"}],"curies":[{"name":"wp","href":"https:\/\/api.w.org\/{rel}","templated":true}]}}